 is -2 + (2 - (1 + -1 + 3))?
-3
What is the value of (9 - 9 - 1) + -2 + 5?
2
What is -34 + 43 - (6 + -1 + -1)?
5
What is 0 + (19 + -10 - 1)?
8
Calculate 0 - -6 - (3 - 3).
6
Evaluate 12 - (2 - (3 + -7) - -1).
5
What is the value of 7 - (3 + 4 - -4)?
-4
-5 - 1 - (1 + -4) - -3
0
Calculate 2 - (-8 - -6) - (7 + -2).
-1
3 - (-3 + (9 - 7))
4
What is the value of (0 - 6) + 3 + 5?
2
Evaluate -7 + 10 - (0 - -3).
0
Calculate -14 + 14 + 2 + -1.
1
-9 + (16 - -12) + -13
6
9 + -5 + -3 + -4 + 0
-3
(-2 - (-18 + 10)) + -11
-5
2 - 2 - (-8 + 3)
5
What is -5 - (4 - 10) - 0?
1
What is the value of 1 + -4 - (-6 + (-3 - -2))?
4
(-1 - 1) + (-19 - -8 - -8)
-5
What is -3 + 0 - (-6 - -4)?
-1
Calculate (-1 - 4) + 3 - 1.
-3
Calculate (-3 - (7 - 1)) + 6.
-3
Calculate (-3 - 4) + 3 - 1.
-5
What is 8 + -2 + -3 - (-2 - -1)?
4
Evaluate -2 - -4 - (0 - (-5 - 2)).
-5
What is (1 - -1) + -15 + 18?
5
What is -1 + 2 - (10 + -4)?
-5
What is -2 + 8 + (2 - (1 - -2))?
5
What is -2 + (0 - 1) + (-7 - -15)?
5
-2 - (-1 + 4 - 0)
-5
What is -9 + 1 + 0 + 2 + 1?
-5
What is -3 - (-5 - -11 - 2)?
-7
What is the value of 14 + -31 - (-4 - 11)?
-2
What is the value of 7 + -4 - (2 - 0)?
1
What is the value of 12 + (-11 - (13 - 3))?
-9
What is 3 + (8 - (12 - -4))?
-5
Calculate -3 - (2 + 1 + -7) - -3.
4
What is -7 - (-2 + 2 - 14) - 14?
-7
Calculate 3 - (-4 + 4 + 1).
2
What is (3 - 0) + 1 + -1 + 0?
3
(6 - -1) + -4 + 0
3
Calculate -6 + 2 + 1 - (-1 + 0).
-2
Calculate 8 - (3 + 3 + -4).
6
Calculate 19 + -24 - (-1 + -4 + 2).
-2
What is the value of (0 - -2) + (7 - 8)?
1
Calculate -2 + -2 + 5 - (-2 - -2).
1
Evaluate -3 + (13 - 3) + (-7 - -4).
4
Evaluate 3 + -5 + (0 - (0 + -6)).
4
Calculate 4 - (2 + 6 + -4).
0
Calculate -1 + 4 + 3 - 12.
-6
Evaluate 8 - (9 + -6 - -4).
1
What is -3 - (3 + 0 - 4)?
-2
Evaluate (-1 - 1 - 1) + 0.
-3
What is 11 - 16 - (3 - 4) - -15?
11
(2 - (1 - 5 - -9)) + 6
3
What is the value of 1 + -3 + -2 - (-5 - -1)?
0
(-6 - -2) + 2 + 15 + -11
2
Calculate (-25 - (-18 - 0)) + -1 + 4.
-4
Evaluate 11 - 2 - (7 + (0 - -1)).
1
Evaluate 6 - (-3 - (-1 + (-2 - 2))).
4
Calculate -2 - ((-3 - (-6 + 1)) + -3).
-1
What is the value of -6 - 1 - 1 - -3 - -10?
5
What is the value of -7 + (7 - -9) + -5 - 9?
-5
Evaluate (0 + -1 - (16 + -18)) + 8.
9
Evaluate -1 - (2 + -5 - 1).
3
What is the value of 2 + 4 + 0 - -4 - 6?
4
What is the value of -2 + 1 - -6 - (8 - 6)?
3
What is 26 + -20 + (1 - (-1 + 4))?
4
(-1 - (0 + 1)) + 7
5
What is 3 + 2 + (3 - 4) + 0?
4
What is the value of -5 - (-4 + 3) - (3 - 7)?
0
27 + -17 - (6 + -5)
9
What is the value of -1 + 4 + 3 - (3 - -6)?
-3
Evaluate 1 - (1 + -1) - (173 + -164).
-8
Calculate -2 + (-4 + 7 - -1).
2
What is 0 + 4 + -6 + 2 - 4?
-4
What is the value of 0 + (-4 - 1 - -2) + 7?
4
What is the value of -3 - (-10 + (-1 - -3))?
5
0 + 3 + 2 + -6 + -6
-7
Calculate -1 - (8 + -11 - (-1 - 6)).
-5
Evaluate 14 - 7 - (6 - 2).
3
-2 + 3 + -3 + (-1 - -1)
-2
(4 - (9 - 2)) + 0 + -1
-4
5 + (4 - 11) + -5
-7
Calculate 8 + 3 + -8 + 8.
11
-3 - (15 + -11 + -8)
1
Calculate -5 + 2 + 1 + 3 + -2.
-1
What is the value of (8 - (-1 - -7)) + -7?
-5
What is -18 + -9 + 13 + 18?
4
-1 + -9 + (12 - 9)
-7
9 - ((-6 - -5 - 0) + 4)
6
Calculate 0 - -3 - (33 + -36).
6
-2 + -5 + (-3 - 1 - -3)
-8
What is the value of (-4 + 10 + -4 - 7) + 3?
-2
Calculate 4 - 3 - (-5 + 3).
3
What is -11 + (8 - 4 - 2 - -2)?
-7
What is -3 + (3 - -2) + 0 + -5?
-3
Calculate 1 + -5 + (2 + 14 - 6).
6
What is (0 - -1) + (3 - 1 - 4)?
-1
What is 4 + (0 - 1 - (-50 + 46))?
7
What is the value of 1 + -12 - (-23 + 22) - -5?
-5
Evaluate -1 - (-6 + 7) - 2.
-4
Calculate 1 + 0 - (-4 + 6).
-1
What is (-3 - (4 + -5 + 1)) + 7?
4
What is 2 + (-7 - (-6 - (-5 - -4)))?
0
Evaluate 5 - 0 - (1 + 2) - -1.
3
Calculate 1 - (1 + -8 + 14).
-6
5 - -2 - 8 - 4 - 0
-5
What is the value of (-2 - 2) + (1 - 0)?
-3
What is 3 - 9 - (-18 + 10 - -10)?
-8
Calculate -2 + (6 - 6) + 0.
-2
What is the value of 4 + 3 + -6 - -6?
7
7 - 0 - (4 + -2)
5
What is 159 + -176 + (-1 - -8)?
-10
Calculate 23 + -18 - (-4 + 2 + 0).
7
What is 12 + -6 + -2 + -14 + 8?
-2
Calculate -9 - (6 + -9) - -6.
0
Calculate 2 + (-7 - -9) + (2 - 0).
6
2 + -4 - (0 + -5)
3
Evaluate (4 - 0) + -2 - 4 - -7.
5
What is -26 - -9 - -8 - -7?
-2
What is 1 - 2 - (-29 - -24)?
4
Calculate -2 - -1 - (6 - (1 - -7)).
1
What is 1 - (-21 + (13 - 0))?
9
Evaluate -1 + (2 - (1 - 1)) - -2.
3
What is the value of -1 + -2 - (-3 + 3 + -1)?
-2
-11 + -1 + 10 + -3
-5
What is the value of 9 + (-3 - 13) + 7 + -1?
-1
What is 2 + (0 - 6 - (-13 + 2))?
7
What is (2 + -2 - 0) + (-18 - -8)?
-10
1 - -2 - 0 - (6 - 0)
-3
Evaluate (2 - (3 - -1)) + 3.
1
-1177 - -1185 - (-1 - -3 - 1)
7
Calculate -5 - (-7 + (4 + 2 - 2)).
-2
What is -8 - (-8 + 0 + -6)?
6
(55 - 46) + -1 + -3
5
Calculate -4 + 6 + -4 + (3 - 0).
1
What is 5 - 8 - (-3 - -1)?
-1
Evaluate 5 - (5 - (-5 + 11 + 0)).
6
Evaluate 3 - (1 + (-1 + 0 - -8)).
-5
What is the value of -7 - (-7 - 3) - 1?
2
What is the value of -3 - (-1 - (1 + 2))?
1
Evaluate 0 + 1 + -11 + 13.
3
What is the value of -5 + 22 + 0 + -13?
4
What is (1 + 1 - -4) + -5?
1
Calculate (-9 - (1 - 5)) + 1 - 1.
-5
Calculate (1 - -3) + 0 - -3.
7
(-2 - (1 + 0)) + 0 - -1
-2
What is the value of 1 + (-3 - (1 + (-7 - -3)))?
1
(3 - 2) + -1 + -1
-1
Evaluate 2 + (1 - 1) + -4.
-2
Evaluate 8 + -4 - (12 + -1 + -1).
-6
Calculate -5 + 3 + 0 - 0 - -1.
-1
Evaluate 12 - 6 - (13 - 4) - 2.
-5
What is (-5 - (-2 + -2)) + 9 + -1?
7
Evaluate 10 + -17 + 0 - -13.
6
Evaluate 0 - -3 - (0 + (4 - 2)).
1
0 + -1 - (4 - 15 - -12)
-2
What is (-9 - -7) + 5 + 1?
4
What is the value of 96 + -83 + (-8 - -1)?
6
(-1 + 2 - -2) + 3
6
Evaluate -7 + 4 + 0 + 0 + -2.
-5
Evaluate 2 - -5 - (-9 - (8 - 15)).
9
(5 - (-7 - -10)) + (0 - 0)
2
Calculate -2 - (8 + 0 - 5).
-5
What is -4 + -1 + (22 - 18)?
-1
Evaluate -28 + 26 + 4 + 1.
3
-12 - (-33 - (1 + -12))
10
Calculate 1 + (2 - -1) + 2 + -3.
3
Evaluate -7 + -1 + 0 + 4.
-4
(-5 - (-8 + -1) - -4) + -3
5
2 + (-3 - -2) + -1 + 5
5
4 + (-8 - (-8 + 1 + 1))
2
-5 + 0 - (-16 + 7)
4
Calculate 4 + 3 - (4 - 0).
3
Calculate 1 - ((4 - 5) + -3 + -1).
6
What is -1 - (4 + 5 + -5)?
-5
What is 16 + -2 + 14 + -35?
-7
Calculate (11 - -2 - (-6 - -14)) + 2.
7
What is 5 - (12 - (-1 + -1 - -5))?
-4
What is (-1 - -2) + 8 + 2 + -8?
3
Evaluate 3 - (-3 + 1 + 6).
-1
What is the value of (9 + 4 - -4) + -12?
5
Calculate 1 - (1 + -5) - (8 + -2).
-1
What is the value of 3 + -2 + 2 + 1?
4
What is the value of 0 + 21 + -6 + -8 + -4?
3
Evaluate (6 - (-9 + 10)) + -3.
2
-3 - -1 - (2 + -2 + 0)
-2
(5 - (-7 - -9)) + -4
-1
What is the value of 8 + -9 + (-1 - -6) + -7?
-3
Evaluate (1 - 8 - -1) + 8 + -8.
-6
Evaluate -3 - -1 - (1 - (3 + 1)).
1
Evaluate -6 - (-4 - (1 - 3)).
-4
Calculate 0 + (-2 - -7 - 7).
-2
What is -4 + (-1 + 2 + -3 - -4)?
-2
What is the value of 6 - (4 - (8 + -6))?
4
Evaluate -12 - (6 - 11 - 6).
-1
What is the value of -9 + 0 - (-17 + 5)?
3
Evaluate (-15 - -13 - 0) + 3 + 0.
1
What is (1 - -9) + -15 + 0?
-5
What is the value of -1 + 8 + -5 - 5 - -5?
2
Calculate 0 + 1 + -3 + 4.
2
(-3 - (0 - -3)) + 0 + 7
1
What is 5 + -14 + 8 + -3?
-4
Calculate 0 - 0 - (11 + -13).
2
6 + 0 + 167 + -172
1
-8 - (-10 + (-5 - -10))
-3
What is 0 + 6 + -8 + -3?
-5
What is (0 - (-7 + (0 - -4))) + 5?
8
Calculate 2 + -2 + -3 - 1.
-4
Evaluate 7 + (6 - 10 - 0).
3
Calculate (14 - (-1 + 0)) + -59 + 52.
8
Evaluate -3 + -2 + (6 - (6 - 8)).
3
What is 1 + 0 - -1 - (2 - 5)?
5
(-3 - -7) + (4 - 7) + -2
-1
What is (-6 - -4) + 5 - 2?
1
What is -8 + (27 - 6) - 8?
5
Calculate (-1 - 0) + (-1 - (7 - 12)).
3
What is (3 - (9 + -3)) + (1 - -1)?
-1
What is 1 + -4 + 4 - 1?
0
Evaluate (0 - -1) + (-2 - (-3 - 2)).
4
What is (2 + -3 - 4) + (-24 - -34)?
5
What is 2 + -4 + -7 + (-86 - -85)?
-10
Evaluate (2 - -1 - -3 - 4) + 3.
5
What is -6 + (-6 - -7) + 4?
-1
What is (-5 - (-7 + 1)) + (-5 - -3)?
-1
What is the value of -2 + 3 - (14 - 13)?
0
(3 + -2 - 5) + 5
1
Calculate 6 + (-3 - -3) + 1 - 2.
5
What is -1 - 0 - (-4 - (-1 - 2))?
0
Calculate -1 + 2 + 2 + -2.
1
What is the value of 57 + -51 + 1 + 0 + -1?
6
What is the value of -4 + 9 + -12 - 1?
-8
13 + (-9 - -4) - 2
6
Evaluate (1 - (-2 - (2 - 3))) + -3.
-1
What is 13 + 3 + (1 - 15 - -6)?
8
(-5 - (-2 + 3) - -10) + 0
4
Calculate (9 - (-6 - (-10 + 0))) + -6.
-1
-199 + 202 + -2 + 1 + 7
9
4 + -3 - 1 - (0 - 2)
2
What is the value of -9 - 19 - -23 - (1 + 0)?
-6
What is the value of 3 + (-11 - -5